Let v(t) = 13*t**2 + t**3 - 1 + t**3 - 4*t**3 + 14*t + t**3. Let o be v(14). Let h(m) = -10*m**3 + 2*m + 1. Calculate h(o).
9
Let f(j) = 24*j**3 + 15*j**2 - 11*j + 25. Let q(y) = 11*y**3 + 7*y**2 - 5*y + 12. Let a(b) = -6*f(b) + 13*q(b). Let z = 3 - 6. Let x = -3 - z. Calculate a(x).
6
Let r(q) = -q**2 + 14*q - 5. Let t be r(14). Suppose 5*u + 4*n + n + 10 = 0, -2*n = 10. Let c(f) = -2*f**2 + 16*f + 6*f**2 - 3 - 22*f + f**u. What is c(t)?
2
Let q(y) be the second derivative of -y**5/20 + y**4/4 - 5*y**3/6 + y**2/2 + 13*y + 2. Determine q(4).
-35
Let u(f) = -7*f + f**2 + 4 - 15 + 10 - 5*f. Determine u(12).
-1
Let p(a) = 5*a + 78*a**3 + 9 - 79*a**3 - 5 - 3*a**2. Determine p(-4).
0
Let j(r) = r**3 - 13*r**2 - 68*r + 8. Let t be j(17). Let g(u) = u + 2. Calculate g(t).
10
Let u(v) = 3*v. Suppose -2*a = -16*a - 84. Give u(a).
-18
Let w(t) = t**3 + 3*t**2 - t - 1. Let g be w(-3). Let a(l) be the third derivative of -l**4/6 + l**3/2 - 2110*l**2. Determine a(g).
-5
Suppose 4*i + 10 + 16 = -m, 2*m - 5*i = 13. Let z = m - -8. Let f(k) = 2 + k - k + 4 - z*k. Calculate f(6).
-6
Let t(a) = -50 + 114 + 23*a**3 - 63. Give t(1).
24
Let j(z) = z**3 + 4*z**2 + z. Let c be j(-3). Let g be (-6)/(-8)*4/3. Let q(l) = 2*l**2 + 3*l**2 + g + l - 4 + 7*l - l**3. Give q(c).
9
Let a(x) be the third derivative of -x**4/12 + 2*x**3 + 151*x**2. Calculate a(6).
0
Let d(k) = 7 + 1 - 14 - k. Let z(i) = -i**2 - 6*i + 40. Let b be z(4). Calculate d(b).
-6
Let i(t) = 7*t + 12. Let o be i(-7). Let y = o + 35. Let h(l) = -l**3 - 2*l**2 + 2*l + 1. What is h(y)?
-3
Let t(x) = -2*x - 64 + 5*x**2 - x**3 + 156 - 88. Calculate t(6).
-44
Let v(z) = z**2 - 10*z + 6. Suppose -53 = 19*g - 224. Calculate v(g).
-3
Let w(a) = -2*a - 4. Let k be w(-3). Suppose -k*m = j - 11, -3*j - j + 32 = 4*m. Let v(d) = -2 + 0 - d**3 + 4*d**2 + 4*d + 2. Give v(j).
-5
Let q be 3/3 - 2*-1. Suppose -2*l + 4*h = -8, 5*h - 6 = -q*l - 27. Let w(c) = c**2 + 4*c + 3. Give w(l).
-1
Let n be (-7)/(28/(-152)) - 0. Let f = n + -38. Let m(s) = -s**2 + 14. Give m(f).
14
Let b be (-1)/(-4 + (-62)/(-16)). Suppose -12 = -4*f - 4*c, 2*f = -4*c + b*c - 18. Let i(d) = 8*d**3 - d**2 + d + 1. Give i(f).
-9
Suppose 2*j = 3*t - 20, 4*j = -0*j - 16. Let y(r) = 10*r + 2*r**2 + 4 - 3 + t. Let v(m) = m**2 + m. Let p(u) = v(u) - y(u). Determine p(-6).
13
Let t(m) be the second derivative of m**3/6 - 119*m. Calculate t(0).
0
Let v(c) = -2*c**2 + 16*c + 5. Let p be v(8). Let s(j) be the second derivative of j**5/20 - 5*j**4/12 + j**3/6 + j**2/2 - j. Give s(p).
6
Suppose -7*k + 4*k + 3 = 0. Let h(u) = -5*u. Give h(k).
-5
Let a be (-5)/(2/6*(25 - 22)). Let t(j) = j**2 + 2*j - 7. Give t(a).
8
Let h(s) = s**3 + 5*s**2 - 11*s**2 - 4*s**2 - 3 + s + 5*s**2. Let a be 1/((42/15 - 3)*-1). Give h(a).
2
Let b(y) = y**3 - 6*y**2 - 6*y - 9. Suppose -c + 2*c = 5*n + 31, -4*c + 9 = 3*n. Let w(l) = l**3 - 5*l**2 - 5*l - 10. Let o(p) = c*b(p) - 7*w(p). Give o(0).
16
Let q(a) = -5*a + 6. Let x(d) = 4*d - 5. Let z be 6/(-4)*20/6. Let o(l) = z*q(l) - 6*x(l). What is o(-6)?
-6
Let m(l) = -2*l**3 - 3*l**2 + 4*l - 1. Let a(p) = 3*p**2 + 39*p + 86. Let y be a(-10). Determine m(y).
63
Let v(c) = c - 6. Let m be v(6). Let i(b) = -b**2 + 5. Let f be i(m). Let z(j) = 3 + 2*j + 2*j - j - 13*j**2 + 14*j**2 - 8*j. Give z(f).
3
Let g(b) be the second derivative of -b**5/20 + b**3/6 + 4*b**2 - b. Suppose 126*n = 77*n - 14*n. Give g(n).
8
Let z(s) = 12*s**3. Suppose 3*j = -0 + 33. Suppose 3*f + j = 8. Determine z(f).
-12
Suppose 3*i = i + 2. Let w(n) = 14*n + 6674 - 6675 - n. What is w(i)?
12
Let n(s) = -7*s**2 + 8*s + 24. Let a(y) = -4*y**2 + 5*y + 12. Let x(g) = -5*a(g) + 3*n(g). Let r = -51 - -51. Give x(r).
12
Let d(z) = -z**2 - 8*z - 5. Let w(k) = 5*k**2 + 14*k - 6. Let f be w(-3). Calculate d(f).
10
Let v(w) = -w**3 - 4*w + w + 468 - 476 - 8*w**2. Give v(-8).
16
Let r(x) = -2*x**3 - x**2 + 2*x + 2. Let j(a) = 13*a**3 + 13*a**2 - 16*a - 18. Let v(y) = j(y) + 6*r(y). Let g(c) = c - 1. Let n be g(-6). What is v(n)?
22
Suppose 0 = -2*i + 4*u + 28, 5*u = 3*i + 3*u - 22. Suppose -2*g - 4*m = -10, -3*g + i = 2*m + 5. Let w(y) = 7 - 10 - 13*y - 17*y + 28*y. What is w(g)?
3
Let c(w) = -5*w - 3. Let g(a) = -14*a - 8. Let t(p) = 11*c(p) - 4*g(p). Let v = -708 + 706. Calculate t(v).
-3
Let a(x) = -2*x - 163 + 168 + x. Suppose -2*j = -4*j + 8. Calculate a(j).
1
Let b(u) = -14 + 41 - 7 + u**3 + 12*u**2 - 15 + 11*u. Give b(-11).
5
Let n(z) be the third derivative of -4*z**2 + 0*z**4 + 2/3*z**3 + 0*z - 1/30*z**5 + 0. Let h = -115 - -118. Determine n(h).
-14
Let r(l) = l**3 + 7*l**2 + 5*l + 4. Suppose -10 = -3*o + 5*o. Calculate r(o).
29
Let a(h) = h**2 + 8*h - 18. Let b be a(-10). Suppose 10*p - 56 = b*p. Let q(m) = m**3 - 6*m**2 - 8*m + 2. Determine q(p).
-5
Let h(j) = 3*j**3 + 7*j**2 - 5*j. Let o(b) = 4 - 8 - 14*b**2 - 5*b**3 + 3 + 10*b. Let z(d) = -7*h(d) - 4*o(d). Calculate z(6).
10
Let p(a) = 256 - 255 - 5*a**2 - a + 4*a**2. Calculate p(2).
-5
Let n(c) = 13 - 6 + 2 + 8*c + 2*c**2 - c**2. Let u(k) = k**2 + 5*k. Let z be u(-3). Give n(z).
-3
Let g(d) = 2*d - 1 - 5*d + 2*d. Let a(v) = 2 + v - v + 3*v. Let y(n) = 6*a(n) + 17*g(n). Calculate y(0).
-5
Let h(k) = -k**2 - 8*k - 37. Let r(o) = o**2 + 10*o + 35. Let u(y) = -2*h(y) - 3*r(y). Determine u(-11).
2
Let o(s) = -s**2. Suppose -33*l = -22*l - 11. Suppose -m = 2*j - 12, -j + 0 = -2*m - l. Give o(m).
-4
Let o(n) = n**3 - 3*n**2 + 19*n - 11. Let y(a) = 2*a**3 - 7*a**2 + 36*a - 20. Let q(v) = 11*o(v) - 6*y(v). Calculate q(8).
7
Let n(a) = -a**3 - 5*a**2 + 2*a + 6. Suppose -4*c + 9 = -4*i - 7, 0 = i + 4*c + 29. Let h = -7 - i. Let q = h + -7. Determine n(q).
-4
Let h(b) = -b**2 - 1. Let l be 8/36 - 68/(-18). Let v be l*(-7)/((-84)/(-9)). Calculate h(v).
-10
Let f(i) = 19*i + 25. Let r(c) = 9*c + 11. Let s(z) = -2*f(z) + 5*r(z). Determine s(-2).
-9
Let d(o) = o**2 + 3*o - 7. Let n = -1161 - -1155. Determine d(n).
11
Let x(q) = q**2 - q. Let f(y) = -5*y**2 - 3*y - 1. Let n(t) = -f(t) + 4*x(t). Let u be n(1). Suppose u = 5*k + 24. Let d(m) = 3*m - 2. Give d(k).
-11
Let q(n) be the third derivative of -1/60*n**5 + 0*n - 2/3*n**3 + 0 + 0*n**4 + 8*n**2. Calculate q(3).
-13
Let n(x) be the third derivative of -x**5/30 + x**4/24 + 2*x**3/3 + 98*x**2 + x. Give n(2).
-2
Let b(g) be the second derivative of -3*g**4/4 - g**3 + 5*g**2/2 - 14*g. Let h(x) = 8*x**2 + 5*x - 4. Let w(c) = 3*b(c) + 4*h(c). Calculate w(1).
6
Let s(w) be the second derivative of w**3/2 + 2*w**2 - 4*w. Let c(i) = 2*i**2 + 14*i - 12. Let g be c(-10). Let t = g - 53. Give s(t).
-11
Let m = -30 + 38. Suppose -2*t = l - 9, m = 3*l + l + t. Let u(b) be the third derivative of -3*b**5/20 + b**4/12 - b**3/6 + 4*b**2. Give u(l).
-8
Let n(g) be the third derivative of -g**5/60 - 11*g**4/24 - 2*g**3/3 - g**2 - 38*g. Calculate n(-10).
6
Suppose f + 3*l = -10, l - 2*l = 2*f. Let k(c) = 3*c - 6*c - 8 + f*c. What is k(-7)?
-1
Let r = 24 - 21. Let l(w) = -2*w**2 - 2. What is l(r)?
-20
Let a = -118 + 94. Let j = -27 - a. Let v(l) = -l**3 - 3*l**2 + 3*l + 3. Calculate v(j).
-6
Let w = -205 - -210. Let a(x) = -6*x + 2. Let j(q) = 7*q - 3. Let t(f) = 6*a(f) + 5*j(f). Calculate t(w).
-8
Suppose -4*y + 3 = w - 12, 3*w + 23 = 5*y. Let l(d) = -19*d**2 - 4*d - 2. Give l(w).
-17
Suppose -1 = -3*u + 11. Let n(i) be the second derivative of -i**5/20 + i**4/4 + 7*i**3/6 - 3*i**2 + 2*i. Give n(u).
6
Let j(h) = -h**2 - h + 5. Suppose -146*r = -141*r. What is j(r)?
5
Suppose 0 = 4*p - 8*p + 88. Suppose 4*c + 2 = -p. Let j(t) = -t**2 - 6*t - 6. Calculate j(c).
-6
Let l(t) be the third derivative of -t**5/60 + 5*t**4/12 - 7*t**3/2 + 108*t**2. Determine l(7).
0
Let o(g) = 2*g**3 + 1. Let u(l) = -9*l**3 + 6*l**2 - 6. Let a(j) = 4*o(j) + u(j). Give a(5).
23
Suppose 93*o - 12*o = 0. Let y(q) = q**2 - 2*q - 4. Determine y(o).
-4
Let h(r) = -r**3 + 149*r - 3*r**2 + 6 + 11*r**2 - 158*r. Give h(7).
-8
Let u be ((-6)/(2 - -1))/(20/(-10)). Let l(y) = -3*y + 3*y - 3*y - 3*y - 3*y**2 - u. What is l(-4)?
-25
Let b(j) be the second derivative of 3*j + 1/3*j**3 - 2/3*j**4 + 0 - 1/2*j**2. Calculate b(1).
-7
Suppose 9*u = 4*o + 8*u - 19, -4*u = -o + 1. Let n(a) be the second derivative of -1/12*a**4 - 1/20*a**o + 3/2*a**2 + 0 + 2/3*a**3 + 6*a. Calculate n(-2).
-1
Let l(h) = -h**3 - 13*h**2 - 13*h - 16. Suppose 34*k +